{"id":106579,"date":"2023-07-18T16:34:21","date_gmt":"2023-07-18T14:34:21","guid":{"rendered":"https:\/\/www.mascabardes.fr\/?page_id=106579"},"modified":"2023-07-20T11:29:07","modified_gmt":"2023-07-20T09:29:07","slug":"l-ecole","status":"publish","type":"page","link":"https:\/\/www.mascabardes.fr\/index.php\/l-ecole\/","title":{"rendered":"L&#8217;Ecole"},"content":{"rendered":"<section class=\"wpb-content-wrapper\"><p>[vc_row full_width=&#8221;stretch_row_content_no_spaces&#8221;][vc_column]<div class=\"sc_content content_wrap\"><\/div><h3 class=\"sc_title sc_title_regular sc_align_left margin_top_small\" style=\"margin-bottom: 1.25em;text-align:left;\">L&#8217;Ecole<\/h3>[vc_column_text]<\/p>\n\r\n\r\n\r\n<div class=\"wp-block-media-text alignwide\">\r\n<figure class=\"wp-block-media-text__media\"><img loading=\"lazy\" decoding=\"async\" width=\"503\" height=\"378\" class=\"wp-image-106582 size-full\" src=\"https:\/\/www.mascabardes.fr\/wp-content\/uploads\/2023\/07\/450ffa_9635c8ad4a0b4ba281e4f4ee7e72692emv2-1.webp\" alt=\"\" srcset=\"https:\/\/www.mascabardes.fr\/wp-content\/uploads\/2023\/07\/450ffa_9635c8ad4a0b4ba281e4f4ee7e72692emv2-1.webp 503w, https:\/\/www.mascabardes.fr\/wp-content\/uploads\/2023\/07\/450ffa_9635c8ad4a0b4ba281e4f4ee7e72692emv2-1-300x225.webp 300w\" sizes=\"auto, (max-width: 503px) 100vw, 503px\" \/><\/figure>\r\n<div class=\"wp-block-media-text__content\">\r\n<p>&nbsp;<\/p>\r\n\r\n\r\n\r\n<p><strong>\u00c9cole \u00e9l\u00e9mentaire publique de Mas-Cabard\u00e8s<\/strong><\/p>\r\n\r\n\r\n\r\n<p><strong>Adresse :<\/strong>\u00a04 avenue du Th\u00e9ron 11380 Mas-Cabard\u00e8s<\/p>\r\n\r\n\r\n\r\n<p><strong>Tel :<\/strong>\u00a004 68 26 31 92\u00a0<\/p>\r\n\r\n\r\n\r\n<p><strong>E-mail :\u00a0<\/strong><a href=\"mail&#116;&#111;&#58;&#99;&#101;&#x2e;&#x30;&#x31;&#x31;&#x30;&#x33;&#x38;7L&#64;a&#99;&#45;&#109;&#111;&#110;&#x74;&#x70;&#x65;&#x6c;&#x6c;&#x69;&#x65;&#x72;&#46;fr\">c&#101;&#x2e;&#x30;1&#49;&#48;&#x33;&#x38;7&#76;&#64;&#x61;&#x63;-&#109;&#x6f;&#x6e;&#x74;p&#101;&#x6c;&#x6c;i&#101;&#114;&#x2e;&#x66;r<\/a><\/p>\r\n\r\n\r\n\r\n<p><strong>L&#8217;\u00e9cole d\u00e9pend de l&#8217;Acad\u00e9mie de Montpellier (zone C)<\/strong><\/p>\r\n<\/div>\r\n<\/div>\r\n\r\n\r\n\r\n<div class=\"wp-block-spacer\" style=\"height: 133px;\" aria-hidden=\"true\">\u00a0<\/div>\r\n<\/section>","protected":false},"excerpt":{"rendered":"<p>&nbsp; \u00c9cole \u00e9l\u00e9mentaire publique de Mas-Cabard\u00e8s Adresse :\u00a04 avenue du Th\u00e9ron 11380 Mas-Cabard\u00e8s Tel :\u00a004 68 26 31 92\u00a0 E-mail :\u00a0&#x63;&#101;&#46;0&#x31;&#x31;&#48;3&#x38;&#x37;&#76;&#64;&#x61;&#x63;&#45;m&#x6f;&#x6e;&#116;p&#x65;&#x6c;&#108;i&#x65;&#x72;&#46;&#102;r L&#8217;\u00e9cole d\u00e9pend de l&#8217;Acad\u00e9mie de Montpellier (zone C)<\/p>\n","protected":false},"author":1,"featured_media":0,"parent":0,"menu_order":0,"comment_status":"closed","ping_status":"closed","template":"","meta":{"_bbp_topic_count":0,"_bbp_reply_count":0,"_bbp_total_topic_count":0,"_bbp_total_reply_count":0,"_bbp_voice_count":0,"_bbp_anonymous_reply_count":0,"_bbp_topic_count_hidden":0,"_bbp_reply_count_hidden":0,"_bbp_forum_subforum_count":0,"footnotes":""},"class_list":["post-106579","page","type-page","status-publish","hentry"],"_links":{"self":[{"href":"https:\/\/www.mascabardes.fr\/index.php\/wp-json\/wp\/v2\/pages\/106579","targetHints":{"allow":["GET"]}}],"collection":[{"href":"https:\/\/www.mascabardes.fr\/index.php\/wp-json\/wp\/v2\/pages"}],"about":[{"href":"https:\/\/www.mascabardes.fr\/index.php\/wp-json\/wp\/v2\/types\/page"}],"author":[{"embeddable":true,"href":"https:\/\/www.mascabardes.fr\/index.php\/wp-json\/wp\/v2\/users\/1"}],"replies":[{"embeddable":true,"href":"https:\/\/www.mascabardes.fr\/index.php\/wp-json\/wp\/v2\/comments?post=106579"}],"version-history":[{"count":4,"href":"https:\/\/www.mascabardes.fr\/index.php\/wp-json\/wp\/v2\/pages\/106579\/revisions"}],"predecessor-version":[{"id":106620,"href":"https:\/\/www.mascabardes.fr\/index.php\/wp-json\/wp\/v2\/pages\/106579\/revisions\/106620"}],"wp:attachment":[{"href":"https:\/\/www.mascabardes.fr\/index.php\/wp-json\/wp\/v2\/media?parent=106579"}],"curies":[{"name":"wp","href":"https:\/\/api.w.org\/{rel}","templated":true}]}}