{"id":106459,"date":"2023-07-11T10:41:45","date_gmt":"2023-07-11T08:41:45","guid":{"rendered":"https:\/\/www.mascabardes.fr\/?page_id=106459"},"modified":"2023-07-31T09:29:05","modified_gmt":"2023-07-31T07:29:05","slug":"eglisestetienne","status":"publish","type":"page","link":"https:\/\/www.mascabardes.fr\/index.php\/eglisestetienne\/","title":{"rendered":"L&#8217;\u00e9glise St-Etienne"},"content":{"rendered":"<section class=\"wpb-content-wrapper\"><p>[vc_row full_width=&#8221;stretch_row_content_no_spaces&#8221;][vc_column]<div class=\"sc_content content_wrap\"><\/div><h3 class=\"sc_title sc_title_regular sc_align_left margin_top_small\" style=\"margin-bottom: 1.25em;text-align:left;\">L&#8217;\u00e9glise St-Etienne<\/h3>[vc_column_text]<\/p>\n\n\n\n<div class=\"wp-block-media-text alignwide\"><figure class=\"wp-block-media-text__media\"><img loading=\"lazy\" decoding=\"async\" width=\"720\" height=\"960\" src=\"https:\/\/www.mascabardes.fr\/wp-content\/uploads\/2023\/07\/450ffa_638ef609828b450bb8550c20dd57dff3-1.webp\" alt=\"\" class=\"wp-image-106485 size-full\" srcset=\"https:\/\/www.mascabardes.fr\/wp-content\/uploads\/2023\/07\/450ffa_638ef609828b450bb8550c20dd57dff3-1.webp 720w, https:\/\/www.mascabardes.fr\/wp-content\/uploads\/2023\/07\/450ffa_638ef609828b450bb8550c20dd57dff3-1-225x300.webp 225w\" sizes=\"auto, (max-width: 720px) 100vw, 720px\" \/><\/figure><div class=\"wp-block-media-text__content\">\n<p>L&#8217;\u00e9glise Saint-\u00c9tienne de Mas-Cabard\u00e8s est une \u00e9glise situ\u00e9e sur la commune de Mas-Cabard\u00e8s dans le d\u00e9partement fran\u00e7ais de l&#8217;Aude en r\u00e9gion Occitanie1.<\/p>\n\n\n\n<p>Le clocher a \u00e9t\u00e9 inscrit au titre des monuments historiques en 19261.<\/p>\n\n\n\n<p>L\u2019\u00e9difice actuel date du XVIe si\u00e8cle.<\/p>\n\n\n\n<p>Son clocher octogonal construit sur une base carr\u00e9e d\u2019aspect plus ancien est perc\u00e9 d\u2019une double rang\u00e9e d\u2019ouvertures g\u00e9min\u00e9es comme celui de La Tourette-Cabard\u00e8s. Une tour rectangulaire abritant un escalier \u00e0 vis lui est accol\u00e9e. Deux arcs-boutants sous lesquels passe une rue soutiennent le mur ouest de l\u2019\u00e9difice.<\/p>\n\n\n\n<p>Le portail d\u2019entr\u00e9e de l\u2019\u00e9glise est constitu\u00e9 de vantaux clout\u00e9s ; il est surmont\u00e9 de pierres sculpt\u00e9es, vraisemblablement de r\u00e9emploi.<\/p>\n\n\n\n<p>L\u2019int\u00e9rieur de l\u2019\u00e9difice comprend plusieurs \u0153uvres remarquables :<\/p>\n\n\n\n<p>-Dans la chapelle Notre-Dame-de-la-Barthe qui constitue le rez-de-chauss\u00e9e du clocher, la statue de Notre Dame dat\u00e9e de la fin du XVe si\u00e8cle, le retable du XVIe si\u00e8cle, la vo\u00fbte \u00e0 cinq clefs \u00e0 liernes et tiercerons.<\/p>\n\n\n\n<p>-\u00c0 gauche de la nef, la pierre tombale du pr\u00eatre Raymond Baron portant l\u2019\u00e9pitaphe suivante r\u00e9dig\u00e9e par Pierre Grassi, Prieur du Mas : \u00ab Ce que tu es je le fus, ce que je suis tu le seras, dis un Pater Noster pour mon \u00e2me \u00bb<\/p>\n\n\n\n<p>-Dans la chapelle Saint-Roch, \u00e0 droite de la nef, l\u2019autel en marbre de Caunes et le tabernacle en bois sculpt\u00e9 et dor\u00e9 du XVIIIe si\u00e8cle<\/p>\n\n\n\n<p>-Au fond de l\u2019\u00e9glise, un tableau anonyme du XVIIe si\u00e8cle repr\u00e9sentant la lapidation de saint \u00c9tienne.<\/p>\n\n\n\n<p>L\u2019\u00e9glise du Mas dispose \u00e9galement d\u2019un carillon qui constitue un \u00e9l\u00e9ment important du patrimoine du village. Il a longtemps rythm\u00e9 la vie de la communaut\u00e9 en sonnant l\u2019ang\u00e9lus et les messes ainsi que les mariages, les enterrements et les f\u00eates importantes. Ce carillon comporte actuellement dix cloches, datant pour deux d\u2019entre elles de 1857, pour sept autres de 1884 et pour la derni\u00e8re de 19842. Mais l\u2019histoire du carillon est beaucoup plus ancienne puisque d\u00e8s 1594 il est fait mention dans les \u00e9crits de l\u2019achat d\u2019une cloche par la communaut\u00e9 du Mas.<\/p>\n<\/div><\/div>\n\n\n\n<div style=\"height:173px\" aria-hidden=\"true\" class=\"wp-block-spacer\"><\/div>\n\n\n<div id=\"metaslider-id-106499\" style=\"max-width: 600px; margin: 0 auto;\" class=\"ml-slider-3-36-0 metaslider metaslider-responsive metaslider-106499 ml-slider ms-theme-bubble no-text has-dots-nav\" role=\"region\" aria-roledescription=\"Slideshow\" aria-label=\"Nouveau diaporama\">\n    <div id=\"metaslider_container_106499\">\n        <ul id='metaslider_106499' class='rslides'>\n            <li aria-roledescription='slide' aria-labelledby='slide-0'><img loading=\"lazy\" decoding=\"async\" src=\"https:\/\/www.mascabardes.fr\/wp-content\/uploads\/2023\/07\/450ffa_638ef609828b450bb8550c20dd57dff3-1-600x700.webp\" height=\"700\" width=\"600\" alt=\"\" class=\"slider-106499 slide-106500\" title=\"L&#039;eglise st etienne mas cabardes\" \/><\/li>\n            <li style='display: none;' aria-roledescription='slide' aria-labelledby='slide-1'><img loading=\"lazy\" decoding=\"async\" src=\"https:\/\/www.mascabardes.fr\/wp-content\/uploads\/2023\/07\/450ffa_16ba03fc3ed1485bad7ca46c53be2cf0-600x700.webp\" height=\"700\" width=\"600\" alt=\"\" class=\"slider-106499 slide-106501\" title=\"L&#039;eglise st etienne de mas cabardes 2\" \/><\/li>\n            <li style='display: none;' aria-roledescription='slide' aria-labelledby='slide-2'><img loading=\"lazy\" decoding=\"async\" src=\"https:\/\/www.mascabardes.fr\/wp-content\/uploads\/2023\/07\/450ffa_8a9b1d562fbc4ebc960b07edc050d269-600x700.webp\" height=\"700\" width=\"600\" alt=\"\" class=\"slider-106499 slide-106502\" title=\"L&#039;eglise st etienne de mas cabardes 3\" \/><\/li>\n            <li style='display: none;' aria-roledescription='slide' aria-labelledby='slide-3'><img loading=\"lazy\" decoding=\"async\" src=\"https:\/\/www.mascabardes.fr\/wp-content\/uploads\/2023\/07\/450ffa_af9b0bd476a845249565d62aa257656e-600x700.webp\" height=\"700\" width=\"600\" alt=\"\" class=\"slider-106499 slide-106510\" title=\"L&#039;eglise st etienne de mas cabardes 4\" \/><\/li>\n            <li style='display: none;' aria-roledescription='slide' aria-labelledby='slide-4'><img loading=\"lazy\" decoding=\"async\" src=\"https:\/\/www.mascabardes.fr\/wp-content\/uploads\/2023\/07\/450ffa_f6b7534735834f68a0cb6e4b8fdfb218-600x700.webp\" height=\"700\" width=\"600\" alt=\"\" class=\"slider-106499 slide-106511\" title=\"L&#039;eglise st etienne de mas cabardes 5\" \/><\/li>\n            <li style='display: none;' aria-roledescription='slide' aria-labelledby='slide-5'><img loading=\"lazy\" decoding=\"async\" src=\"https:\/\/www.mascabardes.fr\/wp-content\/uploads\/2023\/07\/450ffa_b83e503f11c94d84a7ea221fc0e76172-600x700.webp\" height=\"700\" width=\"600\" alt=\"\" class=\"slider-106499 slide-106512\" title=\"L&#039;eglise st etienne de mas cabardes 6\" \/><\/li>\n            <li style='display: none;' aria-roledescription='slide' aria-labelledby='slide-6'><img loading=\"lazy\" decoding=\"async\" src=\"https:\/\/www.mascabardes.fr\/wp-content\/uploads\/2023\/07\/450ffa_3e4adc3d53f543ec9e26606c74b52363-600x700.webp\" height=\"700\" width=\"600\" alt=\"\" class=\"slider-106499 slide-106513\" title=\"L&#039;eglise st etienne de mas cabardes 7\" \/><\/li>\n            <li style='display: none;' aria-roledescription='slide' aria-labelledby='slide-7'><img loading=\"lazy\" decoding=\"async\" src=\"https:\/\/www.mascabardes.fr\/wp-content\/uploads\/2023\/07\/450ffa_a0591c14fc524d9d99a49b6760889ce3-600x700.webp\" height=\"700\" width=\"600\" alt=\"\" class=\"slider-106499 slide-106514\" title=\"L&#039;eglise st etienne de mas cabardes 8\" \/><\/li>\n            <li style='display: none;' aria-roledescription='slide' aria-labelledby='slide-8'><img loading=\"lazy\" decoding=\"async\" src=\"https:\/\/www.mascabardes.fr\/wp-content\/uploads\/2023\/07\/450ffa_0a606f1da0d5457b8a2e7901e3a6c9ae-600x700.webp\" height=\"700\" width=\"600\" alt=\"\" class=\"slider-106499 slide-106515\" title=\"L&#039;eglise st etienne de mas cabardes 9\" \/><\/li>\n        <\/ul>\n        \n    <\/div>\n<\/div>\n\n\n\n<div style=\"height:100px\" aria-hidden=\"true\" class=\"wp-block-spacer\"><\/div>\n<\/section>","protected":false},"excerpt":{"rendered":"<p>L&#8217;\u00e9glise Saint-\u00c9tienne de Mas-Cabard\u00e8s est une \u00e9glise situ\u00e9e sur la commune de Mas-Cabard\u00e8s dans le d\u00e9partement fran\u00e7ais de l&#8217;Aude en r\u00e9gion Occitanie1. Le clocher a \u00e9t\u00e9 inscrit au titre des [&hellip;]<\/p>\n","protected":false},"author":1,"featured_media":0,"parent":0,"menu_order":0,"comment_status":"closed","ping_status":"closed","template":"","meta":{"_bbp_topic_count":0,"_bbp_reply_count":0,"_bbp_total_topic_count":0,"_bbp_total_reply_count":0,"_bbp_voice_count":0,"_bbp_anonymous_reply_count":0,"_bbp_topic_count_hidden":0,"_bbp_reply_count_hidden":0,"_bbp_forum_subforum_count":0,"footnotes":""},"class_list":["post-106459","page","type-page","status-publish","hentry"],"_links":{"self":[{"href":"https:\/\/www.mascabardes.fr\/index.php\/wp-json\/wp\/v2\/pages\/106459","targetHints":{"allow":["GET"]}}],"collection":[{"href":"https:\/\/www.mascabardes.fr\/index.php\/wp-json\/wp\/v2\/pages"}],"about":[{"href":"https:\/\/www.mascabardes.fr\/index.php\/wp-json\/wp\/v2\/types\/page"}],"author":[{"embeddable":true,"href":"https:\/\/www.mascabardes.fr\/index.php\/wp-json\/wp\/v2\/users\/1"}],"replies":[{"embeddable":true,"href":"https:\/\/www.mascabardes.fr\/index.php\/wp-json\/wp\/v2\/comments?post=106459"}],"version-history":[{"count":29,"href":"https:\/\/www.mascabardes.fr\/index.php\/wp-json\/wp\/v2\/pages\/106459\/revisions"}],"predecessor-version":[{"id":106903,"href":"https:\/\/www.mascabardes.fr\/index.php\/wp-json\/wp\/v2\/pages\/106459\/revisions\/106903"}],"wp:attachment":[{"href":"https:\/\/www.mascabardes.fr\/index.php\/wp-json\/wp\/v2\/media?parent=106459"}],"curies":[{"name":"wp","href":"https:\/\/api.w.org\/{rel}","templated":true}]}}